alse
Is 1293078719 prime?
True
Is 8618175563 a prime number?
True
Is 5435740171 composite?
False
Is 4898538691 composite?
True
Is 31144602695 composite?
True
Is 9744965333 a composite number?
False
Is 11710576783 a composite number?
False
Is 124347193 a prime number?
True
Is 1615467829 prime?
False
Is 45185929111 composite?
True
Is 51818082163 composite?
True
Is 116486087887 composite?
True
Is 2729770189 a composite number?
True
Is 301862852959 composite?
True
Is 37407865949 prime?
True
Is 277079009 prime?
True
Is 111619717429 a prime number?
False
Is 4197605401 prime?
False
Is 358530751 a prime number?
False
Is 12489703 a prime number?
True
Is 12230019029 composite?
True
Is 3929907803 composite?
True
Is 1647030883 prime?
True
Is 2225467499 prime?
False
Is 16860484357 composite?
False
Is 10230078997 composite?
True
Is 11298035081 a prime number?
True
Is 213387439 a prime number?
False
Is 2585859607 composite?
True
Is 10070665223 a prime number?
True
Is 1851174463 prime?
True
Is 10042538021 a prime number?
False
Is 308836403 composite?
False
Is 1805947903 prime?
False
Is 235704965 a composite number?
True
Is 50592653213 composite?
False
Is 1995312001 a composite number?
False
Is 125855269817 composite?
True
Is 288163739 composite?
False
Is 877117189 prime?
False
Is 62417946401 composite?
False
Is 150994141 prime?
True
Is 20862438587 prime?
True
Is 21127610561 a composite number?
True
Is 1192785733 prime?
False
Is 9088274711 composite?
True
Is 1691189623 a composite number?
False
Is 351544085 prime?
False
Is 281130881 a composite number?
False
Is 9743995123 a prime number?
True
Is 3752770061 composite?
False
Is 2079449417 composite?
True
Is 3691662739 a composite number?
False
Is 59985148151 prime?
False
Is 490158389 a composite number?
True
Is 2285513303 a prime number?
False
Is 1014564203 a prime number?
True
Is 4571066737 a composite number?
False
Is 3487100747 a prime number?
False
Is 4692559481 a composite number?
False
Is 23180946541 a prime number?
False
Is 13025431927 prime?
True
Is 8312033539 a prime number?
False
Is 4046348513 prime?
True
Is 28566624727 composite?
True
Is 2176295899 prime?
False
Is 331836537 composite?
True
Is 15782138714 a prime number?
False
Is 1774640873 a composite number?
True
Is 330487771 a composite number?
False
Is 50165685527 a prime number?
True
Is 11292862267 prime?
False
Is 9197349331 prime?
True
Is 848617967 composite?
False
Is 266350631 prime?
True
Is 288615572585 a prime number?
False
Is 74292313211 composite?
False
Is 869865529 a composite number?
True
Is 1557893881 a prime number?
False
Is 38539180487 prime?
False
Is 71226518843 a composite number?
False
Is 401110448423 composite?
True
Is 123707598991 a prime number?
True
Is 170784707 a prime number?
True
Is 11044433017 prime?
False
Is 4483635589 a composite number?
False
Is 1716071167 a prime number?
True
Is 235177651 composite?
False
Is 21693961589 a prime number?
False
Is 221541419551 prime?
True
Is 47094953 composite?
False
Is 397609241 a composite number?
False
Is 2378474417 composite?
True
Is 23836488199 composite?
True
Is 19788468857 prime?
True
Is 39714743 composite?
True
Is 2767100969 a prime number?
True
Is 898467653 composite?
True
Is 13710031513 prime?
True
Is 28130695189 a composite number?
False
Is 3732615587 composite?
False
Is 15067248499 composite?
True
Is 3615632887 a prime number?
True
Is 17029680761 composite?
False
Is 433817957 a composite number?
True
Is 1675159466 prime?
False
Is 9858682099 composite?
True
Is 470691367 a composite number?
False
Is 141200779 a composite number?
False
Is 9304227967 a composite number?
True
Is 658302793 a prime number?
False
Is 396950821 a prime number?
False
Is 620019821 a prime number?
True
Is 1295469211 prime?
False
Is 1432681739 a prime number?
True
Is 61598269699 composite?
False
Is 6042887959 a composite number?
False
Is 54204757 prime?
False
Is 332376371 composite?
True
Is 1175386009 a composite number?
True
Is 21528621341 prime?
True
Is 358173241 a prime number?
True
Is 1196860337 a prime number?
True
Is 4976779967 composite?
True
Is 40480307149 a composite number?
True
Is 2577825857 a composite number?
False
Is 4287684763 composite?
False
Is 3307214513 prime?
True
Is 2709641413 a prime number?
True
Is 9123716537 a composite number?
True
Is 10075338047 composite?
True
Is 229419727 composite?
True
Is 1526404697 a composite number?
True
Is 25614376054 a composite number?
True
Is 391588469 composite?
False
Is 5469945421 a composite number?
False
Is 4842592471 a composite number?
False
Is 22973077067 a prime number?
False
Is 887446346 a prime number?
False
Is 4474993739 prime?
False
Is 94668178123 a prime number?
False
Is 34933802663 a composite number?
True
Is 129258901 prime?
True
Is 13150535263 prime?
False
Is 2187217477 a prime number?
True
Is 75460678 composite?
True
Is 15780366583 a composite number?
False
Is 10481784499 composite?
True
Is 1987445731 composite?
False
Is 483226273 composite?
True
Is 100571052631 prime?
False
Is 2558714449 a composite number?
True
Is 258537431 a composite number?
True
Is 251941982003 a prime number?
True
Is 28989067553 a prime number?
True
Is 626778541 a prime number?
True
Is 2615550373 a composite number?
True
Is 115932180941 composite?
False
Is 13125689371 a composite number?
False
Is 1011750793 composite?
True
Is 7713696539 composite?
True
Is 2123335911 a prime number?
False
Is 54456533753 a composite number?
True
Is 1965599453 composite?
False
Is 4218346733 prime?
False
Is 275782909 prime?
True
Is 4902217799 a prime number?
False
Is 7472444333 a prime number?
False
Is 384204133 a composite number?
False
Is 525291391 prime?
True
Is 13536305863 a prime number?
True
Is 614219659 a prime number?
False
Is 228974129 a composite number?
False
Is 1465994063 composite?
True
Is 372732943 prime?
False
Is 1137104299 composite?
False
Is 3359770651 a composite number?
True
Is 5951034461 a prime number?
True
Is 468917083 a prime number?
True
Is 12070629781 prime?
False
Is 11005909559 a composite number?
False
Is 320639057 composite?
True
Is 3224624779 composite?
True
Is 46047747637 prime?
False
Is 85429613 a prime number?
False
Is 19005491449 prime?
False
Is 2442644537 composite?
True
Is 946380619 prime?
False
Is 121970397337 composite?
False
Is 4331437177 prime?
True
Is 30659684507 a composite number?
False
Is 19154194187 composite?
True
Is 191379401 a prime number?
False
Is 2120167739 a composite number?
False
Is 12020858029 a prime number?
True
Is 88953251 prime?
True
Is 2065992397 prime?
False
Is 55328075207 a composite number?
False
Is 215250853 prime?
False
Is 22474744027 prime?
False
Is 18309981839 composite?
False
Is 72762337 composite?
False
Is 235207803 composite?
True
Is 130017803 a prime number?
True
Is 10616040445 a composite number?
True
Is 15939608369 a prime number?
True
Is 11569932851 composite?
False
Is 42500559329 prime?
False
Is 7605539833 prime?
True
Is 722886709 prime?
False
Is 8319407639 a composite number?
True
Is 3647572499 a prime number?
False
Is 201245251855 composite?
True
Is 997666063 prime?
False
Is 761864251 prime?
True
Is 77891195103 prime?
False
Is 53280550201 composite?
False
Is 116764327 a composite number?
False
Is 1553366059 a prime number?
False
Is 1615723001 a composite number?
False
Is 3821864707 a prime number?
False
Is 244273371593 composite?
False
Is 1575063781 a prime number?
False
Is 6702795047 a composite number?
True
Is 287885261 composite?
False
Is 474819719 prime?
False
Is 11621449789 composite?
False
Is 2151481883 composite?
True
Is 4259474537 composite?
False
Is 33062159081 prime?
False
Is 970991741 composite?
True
Is 218974114257 a prime number?
False
Is 1037826007 prime?
True
Is 78252256661 a prime number?
True
Is 1405408211 a composite number?
True
Is 20411452141 composite?
False
Is 7085588197 a composite number?
True
Is 698723617 composite?
False
Is 17800694657 composite?
True
Is 826023109 prime?
True
Is 153228900641 prime?
False
Is 2332000919 a prime number?
True
Is 1298846117 composite?
False
Is 450240823 a prime number?
False
Is 3756308581 a composite number?
False
Is 16471512821 composite?
False
Is 3306753649 a prime number?
True
Is 4026007901 composite?
False
Is 6298646467 prime?
True
Is 637243063 a prim